{"id":3227,"date":"2022-10-10T11:03:56","date_gmt":"2022-10-10T14:03:56","guid":{"rendered":"https:\/\/salaoparceiro.com\/?post_type=product&#038;p=3227"},"modified":"2026-04-10T10:20:54","modified_gmt":"2026-04-10T13:20:54","slug":"shampoo-purificante-500ml","status":"publish","type":"product","link":"https:\/\/salaoparceiro.com\/index.php\/produto\/shampoo-purificante-500ml\/","title":{"rendered":"SHAMPOO PURIFICANTE 500mL"},"content":{"rendered":"<p><strong>Shampoo Purificante<\/strong>: Especial para limpeza da fibra capilar. Prepara os cabelos para receber todos os tipos de servi\u00e7os capilares como reconstru\u00e7\u00e3o, hidrata\u00e7\u00e3o, alisamentos, colora\u00e7\u00e3o e descolora\u00e7\u00e3o. Limpa com efici\u00eancia e suavidade, elimina res\u00edduos de cosm\u00e9ticos e sujeira do couro cabeludo.<\/p>\n<p><strong>Algas Marinhas:<\/strong> por conta da presen\u00e7a de nutrientes como ferro, c\u00e1lcio e vitaminas. Um shampoo de algas marinhas ajuda na reconstru\u00e7\u00e3o de grande parte da fibra capilar, rica em vitaminas, prote\u00ednas, minerais e compostos antioxidantes.<\/p>\n<p><strong>Mentol:<\/strong> Extra\u00eddo da Hortel\u00e3, possui efeito suavizante, refrescante, revigorante e altamente estimulante. Com a\u00e7\u00e3o adstringente natural das algas marinhas o shampoo purificante elimina os radicais livres presentes no ar.<\/p>\n<p>&nbsp;<\/p>\n<h3>Ingredientes especiais:<\/h3>\n<p>Algas Marinhas, Col\u00e1geno Hidrolisado, Aloe e Vera, \u00c1cido C\u00edtrico, Mentol, Extrato de Hortel\u00e3, \u00d3leo de Palma, Tensoativos ani\u00f4nicos, Fragr\u00e2ncia Herbais\u00a0 com Musk.<\/p>\n<p>&nbsp;<\/p>\n<h3>Como usar:<\/h3>\n<p>1 -Aplique no couro e nos cabelos \u00famidos , massageando suavemente e deslizando a espuma pra o comprimento das madeixas at\u00e9 formar espuma rica e cremosa. Deixe agir por 2 minutos e depois enx\u00e1gue. Reaplique se necess\u00e1rio.<\/p>\n<p>&nbsp;<\/p>\n<h3>A\u00e7\u00e3o \/ Resultado:<\/h3>\n<p>A\u00e7\u00e3o <strong>QUELANTE<\/strong>, alto poder de remover <strong>METAIS PESADOS<\/strong>. Com <strong>BIO ATIVOS DE ALGAS MARINHAS<\/strong> oferece uma limpeza delicada e controle da oleosidade no couro cabeludo.<\/p>\n<p>Ideal para pr\u00e9 qu\u00edmica como <strong>PROGRESSIV, BOTOX, SELAGEM, H. DE GUANIDINA, H. DE S\u00d3DIO, AM\u00d4NIA E COLORA\u00c7\u00c3O.\u00a0<\/strong><\/p>\n<p>&nbsp;<\/p>\n<p>&nbsp;<\/p>\n","protected":false},"excerpt":{"rendered":"<p>Com a\u00e7\u00e3o adstringente natural das algas marinhas o shampoo purificante elimina dos radicais livres presentes no ar.<\/p>\n","protected":false},"featured_media":35314,"template":"","meta":{"ocean_post_layout":"","ocean_both_sidebars_style":"","ocean_both_sidebars_content_width":0,"ocean_both_sidebars_sidebars_width":0,"ocean_sidebar":"0","ocean_second_sidebar":"0","ocean_disable_margins":"enable","ocean_add_body_class":"","ocean_shortcode_before_top_bar":"","ocean_shortcode_after_top_bar":"","ocean_shortcode_before_header":"","ocean_shortcode_after_header":"","ocean_has_shortcode":"","ocean_shortcode_after_title":"","ocean_shortcode_before_footer_widgets":"","ocean_shortcode_after_footer_widgets":"","ocean_shortcode_before_footer_bottom":"","ocean_shortcode_after_footer_bottom":"","ocean_display_top_bar":"default","ocean_display_header":"default","ocean_header_style":"","ocean_center_header_left_menu":"0","ocean_custom_header_template":"0","ocean_custom_logo":0,"ocean_custom_retina_logo":0,"ocean_custom_logo_max_width":0,"ocean_custom_logo_tablet_max_width":0,"ocean_custom_logo_mobile_max_width":0,"ocean_custom_logo_max_height":0,"ocean_custom_logo_tablet_max_height":0,"ocean_custom_logo_mobile_max_height":0,"ocean_header_custom_menu":"0","ocean_menu_typo_font_family":"0","ocean_menu_typo_font_subset":"","ocean_menu_typo_font_size":0,"ocean_menu_typo_font_size_tablet":0,"ocean_menu_typo_font_size_mobile":0,"ocean_menu_typo_font_size_unit":"px","ocean_menu_typo_font_weight":"","ocean_menu_typo_font_weight_tablet":"","ocean_menu_typo_font_weight_mobile":"","ocean_menu_typo_transform":"","ocean_menu_typo_transform_tablet":"","ocean_menu_typo_transform_mobile":"","ocean_menu_typo_line_height":0,"ocean_menu_typo_line_height_tablet":0,"ocean_menu_typo_line_height_mobile":0,"ocean_menu_typo_line_height_unit":"","ocean_menu_typo_spacing":0,"ocean_menu_typo_spacing_tablet":0,"ocean_menu_typo_spacing_mobile":0,"ocean_menu_typo_spacing_unit":"","ocean_menu_link_color":"","ocean_menu_link_color_hover":"","ocean_menu_link_color_active":"","ocean_menu_link_background":"","ocean_menu_link_hover_background":"","ocean_menu_link_active_background":"","ocean_menu_social_links_bg":"","ocean_menu_social_hover_links_bg":"","ocean_menu_social_links_color":"","ocean_menu_social_hover_links_color":"","ocean_disable_title":"default","ocean_disable_heading":"default","ocean_post_title":"","ocean_post_subheading":"","ocean_post_title_style":"","ocean_post_title_background_color":"","ocean_post_title_background":0,"ocean_post_title_bg_image_position":"","ocean_post_title_bg_image_attachment":"","ocean_post_title_bg_image_repeat":"","ocean_post_title_bg_image_size":"","ocean_post_title_height":0,"ocean_post_title_bg_overlay":0.5,"ocean_post_title_bg_overlay_color":"","ocean_disable_breadcrumbs":"default","ocean_breadcrumbs_color":"","ocean_breadcrumbs_separator_color":"","ocean_breadcrumbs_links_color":"","ocean_breadcrumbs_links_hover_color":"","ocean_display_footer_widgets":"default","ocean_display_footer_bottom":"default","ocean_custom_footer_template":"0"},"location":[],"product_brand":[],"product_cat":[94],"product_tag":[156],"class_list":{"0":"post-3227","1":"product","2":"type-product","3":"status-publish","4":"has-post-thumbnail","6":"product_cat-tratamento-profissional","7":"product_tag-x","9":"entry","10":"has-media","12":"first","13":"instock","14":"shipping-taxable","15":"purchasable","16":"product-type-simple","17":"has-product-nav","18":"col","19":"span_1_of_5","20":"owp-content-center","21":"owp-thumbs-layout-horizontal","22":"owp-btn-normal","23":"owp-tabs-layout-horizontal","24":"has-no-thumbnails"},"_links":{"self":[{"href":"https:\/\/salaoparceiro.com\/index.php\/wp-json\/wp\/v2\/product\/3227","targetHints":{"allow":["GET"]}}],"collection":[{"href":"https:\/\/salaoparceiro.com\/index.php\/wp-json\/wp\/v2\/product"}],"about":[{"href":"https:\/\/salaoparceiro.com\/index.php\/wp-json\/wp\/v2\/types\/product"}],"wp:featuredmedia":[{"embeddable":true,"href":"https:\/\/salaoparceiro.com\/index.php\/wp-json\/wp\/v2\/media\/35314"}],"wp:attachment":[{"href":"https:\/\/salaoparceiro.com\/index.php\/wp-json\/wp\/v2\/media?parent=3227"}],"wp:term":[{"taxonomy":"location","embeddable":true,"href":"https:\/\/salaoparceiro.com\/index.php\/wp-json\/wp\/v2\/location?post=3227"},{"taxonomy":"product_brand","embeddable":true,"href":"https:\/\/salaoparceiro.com\/index.php\/wp-json\/wp\/v2\/product_brand?post=3227"},{"taxonomy":"product_cat","embeddable":true,"href":"https:\/\/salaoparceiro.com\/index.php\/wp-json\/wp\/v2\/product_cat?post=3227"},{"taxonomy":"product_tag","embeddable":true,"href":"https:\/\/salaoparceiro.com\/index.php\/wp-json\/wp\/v2\/product_tag?post=3227"}],"curies":[{"name":"wp","href":"https:\/\/api.w.org\/{rel}","templated":true}]}}