{"id":2989,"date":"2022-09-20T16:45:33","date_gmt":"2022-09-20T19:45:33","guid":{"rendered":"https:\/\/salaoparceiro.com\/?post_type=product&#038;p=2989"},"modified":"2026-04-14T13:55:09","modified_gmt":"2026-04-14T16:55:09","slug":"mascara-repair-vitamino-force-250g","status":"publish","type":"product","link":"https:\/\/salaoparceiro.com\/index.php\/produto\/mascara-repair-vitamino-force-250g\/","title":{"rendered":"MASCARA REPAIR VITAMINO FORCE 201g"},"content":{"rendered":"<p><strong>Vitamino Force:<\/strong> Possui uma combina\u00e7\u00e3o perfeita e equilibrada de um blend de prote\u00ednas e 12 \u00f3leos nutritivos de alta performance, criado especialmente pela SP&#8217;LUNA.<\/p>\n<p><strong>Bend de prot\u00e9inas: <\/strong>Prote\u00ednas de arroz, trigo, leite, seda, queratina, col\u00e1geno, creatina, ciste\u00edna, pantenol, extrato de caviar, goji berry, p\u00f3 de p\u00e9rolas.<\/p>\n<p><strong>Blend de \u00d3leos nutritivos:\u00a0<\/strong> Manteigas Vegetais: Baba\u00e7u, Murumuru, Tucum\u00e3, Karit\u00e9, Cupua\u00e7u, Cacau, Cereias, Manga, Oliva, \u00d3leo de coco, Batana, \u00d3leo de Ojon.<\/p>\n<p>&nbsp;<\/p>\n<h3>Ingredientes especiais:<\/h3>\n<p>Hydrolyzed Collagen \/ Hydrolyzed Elastin \/ Hydrolyzed Milk Protein \/ Hydrolyzed Keratin \/ Hydrolyzed Wheat Protein \/ Hydrolyzed Rice Protein \/Hydrolyzed Silk \/ Hydrolyzed Collagen \/ Hydrolyzed Keratin leo de Prunus Amygdalus Dulcis \/ \u00d3leo de Germe \/ \u00d3leo de Semente Bertholletia Excelsa \/ \u00d3leo de Semente Corylus Avellana \/ \u00d3leo de Persea Gratissima \/ \u00d3leo de glicina Soja \/\u00d3leo de canola \/ \u00d3leo de semente de macad\u00e2mia Ternifolia \/ \u00d3leo de semente de Linum Usitatissimum \/ \u00d3leo de semente de Chinensis \/ \u00d3leo de semente de Vitis Vinifera \/ \u00d3leo de semente de Elaeis Oleifera \/ \u00d3leo de Cocos \/ Flor de Gardenia Tahitensis \/ \u00d3leo de Semente de Macroloba \/ \u00d3leo de Semente de Argania Spinosa \/ \u00d3leo de Semente de Helianthus Annuus \/ \u00d3leo de Semente de Carapa Guaianensis \/ \u00d3leo de Frutas Flexuos<strong>\/<\/strong> Arginine \/ Aspartic Acid \/ Glycine \/ Alanine \/ Serine \/ Valine \/ Proline \/ Threonine \/ Isoleucine \/ Histidine \/Phenylalanine<\/p>\n<p>&nbsp;<\/p>\n<h3>Como usar:<\/h3>\n<p>Ap\u00f3s o uso do <strong>SHAMPOO VITAMINO FORCE\u00a0 <\/strong>, retire o excesso de \u00e1gua dos fios, coloque 10g da <strong>M\u00c1SCARA VITAMINO FORCE<\/strong><strong>\u00a0<\/strong>em um recipiente. Em seguida aplique a m\u00e1scara em todo o comprimento e aguarde\u00a0 10 minutos. Enx\u00e1gue<\/p>\n<h3>A\u00e7\u00e3o \/ Resultado:<\/h3>\n<p>proporciona uma fortalecimento na fibra capilar de fios fragilizados por danos f\u00edsicos, como calor e escova\u00e7\u00e3o, e qu\u00edmicos, como alisamentos. Promove selamento cuticular, recupera a flexibilidade e elasticidade adequada. Enriquecida com um <strong>BLEND DE AMINO\u00c1CIDOS E \u00d3LEOS ESPECIAIS, <\/strong>ela deixa seus cabelos macios, suaves , brilhantes e protegidos.<\/p>\n<p><strong>Redu\u00e7\u00e3o de frizz<\/strong>\u00a0e prote\u00e7\u00e3o t\u00e9rmica para garantir cabelos sedosos e macios.<\/p>\n<p>DICA PARA O PROFISSIONAL<\/p>\n<p>Ideal para cabelos secos, porosos e enfraquecidos<\/p>\n<p>As prote\u00ednas possuem grande afinidade com a fibra capilar e a pele, s\u00e3o compostas por cadeias de amino\u00e1cidos e conferem hidrata\u00e7\u00e3o, redu\u00e7\u00e3o da porosidade, reposi\u00e7\u00e3o de massa e prote\u00e7\u00e3o. Restaura a resist\u00eancia, elasticidade e condiciona conferindo maciez, sedosidade e brilho.<\/p>\n<p>&nbsp;<\/p>\n<p>&nbsp;<\/p>\n<p>&nbsp;<\/p>\n","protected":false},"excerpt":{"rendered":"<p>Elaborado especialmente para cabelos, altamente\u00a0 fragilizados\u00a0 e enfraquecidos, opacos e porosos.<\/p>\n","protected":false},"featured_media":34293,"template":"","meta":{"ocean_post_layout":"","ocean_both_sidebars_style":"","ocean_both_sidebars_content_width":0,"ocean_both_sidebars_sidebars_width":0,"ocean_sidebar":"0","ocean_second_sidebar":"0","ocean_disable_margins":"enable","ocean_add_body_class":"","ocean_shortcode_before_top_bar":"","ocean_shortcode_after_top_bar":"","ocean_shortcode_before_header":"","ocean_shortcode_after_header":"","ocean_has_shortcode":"","ocean_shortcode_after_title":"","ocean_shortcode_before_footer_widgets":"","ocean_shortcode_after_footer_widgets":"","ocean_shortcode_before_footer_bottom":"","ocean_shortcode_after_footer_bottom":"","ocean_display_top_bar":"default","ocean_display_header":"default","ocean_header_style":"","ocean_center_header_left_menu":"0","ocean_custom_header_template":"0","ocean_custom_logo":0,"ocean_custom_retina_logo":0,"ocean_custom_logo_max_width":0,"ocean_custom_logo_tablet_max_width":0,"ocean_custom_logo_mobile_max_width":0,"ocean_custom_logo_max_height":0,"ocean_custom_logo_tablet_max_height":0,"ocean_custom_logo_mobile_max_height":0,"ocean_header_custom_menu":"0","ocean_menu_typo_font_family":"0","ocean_menu_typo_font_subset":"","ocean_menu_typo_font_size":0,"ocean_menu_typo_font_size_tablet":0,"ocean_menu_typo_font_size_mobile":0,"ocean_menu_typo_font_size_unit":"px","ocean_menu_typo_font_weight":"","ocean_menu_typo_font_weight_tablet":"","ocean_menu_typo_font_weight_mobile":"","ocean_menu_typo_transform":"","ocean_menu_typo_transform_tablet":"","ocean_menu_typo_transform_mobile":"","ocean_menu_typo_line_height":0,"ocean_menu_typo_line_height_tablet":0,"ocean_menu_typo_line_height_mobile":0,"ocean_menu_typo_line_height_unit":"","ocean_menu_typo_spacing":0,"ocean_menu_typo_spacing_tablet":0,"ocean_menu_typo_spacing_mobile":0,"ocean_menu_typo_spacing_unit":"","ocean_menu_link_color":"","ocean_menu_link_color_hover":"","ocean_menu_link_color_active":"","ocean_menu_link_background":"","ocean_menu_link_hover_background":"","ocean_menu_link_active_background":"","ocean_menu_social_links_bg":"","ocean_menu_social_hover_links_bg":"","ocean_menu_social_links_color":"","ocean_menu_social_hover_links_color":"","ocean_disable_title":"default","ocean_disable_heading":"default","ocean_post_title":"","ocean_post_subheading":"","ocean_post_title_style":"","ocean_post_title_background_color":"","ocean_post_title_background":0,"ocean_post_title_bg_image_position":"","ocean_post_title_bg_image_attachment":"","ocean_post_title_bg_image_repeat":"","ocean_post_title_bg_image_size":"","ocean_post_title_height":0,"ocean_post_title_bg_overlay":0.5,"ocean_post_title_bg_overlay_color":"","ocean_disable_breadcrumbs":"default","ocean_breadcrumbs_color":"","ocean_breadcrumbs_separator_color":"","ocean_breadcrumbs_links_color":"","ocean_breadcrumbs_links_hover_color":"","ocean_display_footer_widgets":"default","ocean_display_footer_bottom":"default","ocean_custom_footer_template":"0"},"location":[],"product_brand":[],"product_cat":[67,68],"product_tag":[],"class_list":{"0":"post-2989","1":"product","2":"type-product","3":"status-publish","4":"has-post-thumbnail","6":"product_cat-manutencao","7":"product_cat-vitamino-force","9":"entry","10":"has-media","12":"first","13":"instock","14":"shipping-taxable","15":"purchasable","16":"product-type-simple","17":"has-product-nav","18":"col","19":"span_1_of_5","20":"owp-content-center","21":"owp-thumbs-layout-horizontal","22":"owp-btn-normal","23":"owp-tabs-layout-horizontal","24":"has-no-thumbnails"},"_links":{"self":[{"href":"https:\/\/salaoparceiro.com\/index.php\/wp-json\/wp\/v2\/product\/2989","targetHints":{"allow":["GET"]}}],"collection":[{"href":"https:\/\/salaoparceiro.com\/index.php\/wp-json\/wp\/v2\/product"}],"about":[{"href":"https:\/\/salaoparceiro.com\/index.php\/wp-json\/wp\/v2\/types\/product"}],"wp:featuredmedia":[{"embeddable":true,"href":"https:\/\/salaoparceiro.com\/index.php\/wp-json\/wp\/v2\/media\/34293"}],"wp:attachment":[{"href":"https:\/\/salaoparceiro.com\/index.php\/wp-json\/wp\/v2\/media?parent=2989"}],"wp:term":[{"taxonomy":"location","embeddable":true,"href":"https:\/\/salaoparceiro.com\/index.php\/wp-json\/wp\/v2\/location?post=2989"},{"taxonomy":"product_brand","embeddable":true,"href":"https:\/\/salaoparceiro.com\/index.php\/wp-json\/wp\/v2\/product_brand?post=2989"},{"taxonomy":"product_cat","embeddable":true,"href":"https:\/\/salaoparceiro.com\/index.php\/wp-json\/wp\/v2\/product_cat?post=2989"},{"taxonomy":"product_tag","embeddable":true,"href":"https:\/\/salaoparceiro.com\/index.php\/wp-json\/wp\/v2\/product_tag?post=2989"}],"curies":[{"name":"wp","href":"https:\/\/api.w.org\/{rel}","templated":true}]}}